{"id":3602,"date":"2025-01-31T11:30:46","date_gmt":"2025-01-31T11:30:46","guid":{"rendered":"https:\/\/snoeck.process-vision.de\/shop\/adam-helms\/"},"modified":"2026-04-08T14:20:52","modified_gmt":"2026-04-08T13:20:52","slug":"adam-helms","status":"publish","type":"product","link":"https:\/\/snoeck.de\/es\/shop\/adam-helms\/","title":{"rendered":"Adam Helms"},"content":{"rendered":"<h3>\u00bfJuegos de guerra?<\/h3>\n<p>Preguntado por sus referencias y recursos en una entrevista con Bob Nikas en enero del a\u00f1o pasado, Adam Helms (*1974), alumno de Mel Bochner, se refiere a diversas fuentes, como los retratos de la revista de mercenarios \"Soldier of Fortune\", los collages de John Heartfield, los cr\u00e9ditos iniciales de las pel\u00edculas de la Paramount, con las vistas de un gigante de monta\u00f1a, que s\u00f3lo difer\u00edan m\u00ednimamente entre s\u00ed a lo largo de muchos a\u00f1os, como base del logotipo de la Paramount, los \"48 retratos\" de Gerhard Richter, obra para la Bienal de Venecia de 1972, que ahora cuelga en el Museo Ludwig de Colonia y re\u00fane 48 retratos en blanco y negro de cient\u00edficos y personalidades de la cultura desde la Ilustraci\u00f3n, o las portadas de los discos de una marca de ruidos de Michigan con el hermoso nombre de \"Gods of Tundra\". En el medio del dibujo, tanto con l\u00e1piz como con carboncillo, Adam Helms se basa en la observaci\u00f3n de tales fuentes y trabaja a su vez en series de retratos, pinturas de paisajes o murales de carteles sobre temas hist\u00f3ricos. Lo que m\u00e1s le interesa de las fuentes es la forma en que los individuos quieren verse a s\u00ed mismos o a su sujeto representado, c\u00f3mo lo \"innombrable\", qu\u00e9 tipolog\u00eda se apodera de estos intentos de autorretrato. Para Adam Helms, \u00e9ste es el punto de entrada emocional: al fijar el pathos inmanente de las fuentes en su propio trabajo, penetra en las fuentes y puede elaborar las obsesiones subyacentes. En \u00faltima instancia, subraya, el arte americano contempor\u00e1neo no puede prescindir de la propaganda, s\u00f3lo en sus citas se niega a reconocer el statu quo de la cultura americana, el \"espect\u00e1culo de la guerra\". Por eso le interesa tanto m\u00e1s mostrar el espacio donde se encuentran la luz y la sombra, ya sea como sopa primigenia o en posici\u00f3n de primera l\u00ednea. Este volumen presenta por primera vez y de forma exhaustiva las obras de Adam Helms en su casi inalterada actualidad, en una secuencia y forma proporcionadas por el propio artista.<\/p>\n<p>Exposiciones:<br \/>\nGaler\u00eda Grimm \u00c1msterdam, 28\/5 - 9\/7\/2011<br \/>\nMarianne Boesky Gallery Nueva York, 7\/9 - 5\/10\/2014<\/p>","protected":false},"excerpt":{"rendered":"<p>Texto (ing.) de William Smith y entrevista (ing.) de Bob Nickas con Adam Helms<br \/>\n200 p. con 280 ilustraciones en color<br \/>\nFormato 30 x 24 cm, tapa dura<\/p>","protected":false},"featured_media":5016,"template":"","meta":[],"product_brand":[],"product_cat":[95],"product_tag":[],"class_list":{"0":"post-3602","1":"product","2":"type-product","3":"status-publish","4":"has-post-thumbnail","6":"product_cat-vergriffen","8":"first","9":"outofstock","10":"taxable","11":"shipping-taxable","12":"product-type-simple"},"aioseo_notices":[],"_wp_attached_file":null,"_wp_attachment_metadata":null,"_wc_attachment_source":null,"_elementor_inline_svg":null,"_elementor_is_screenshot":null,"_elementor_source_image_hash":null,"_source_url":null,"_wp_attachment_context":null,"_menu_item_type":null,"_menu_item_menu_item_parent":null,"_menu_item_object_id":null,"_menu_item_object":null,"_menu_item_target":null,"_menu_item_classes":null,"_menu_item_xfn":null,"_menu_item_url":null,"__elementor_forms_snapshot":null,"_unit":"","_unit_base":"","_unit_product":"","_unit_price_auto":"no","_unit_price_regular":"","_unit_price":"","_unit_price_sale":"","_sale_price_label":"","_sale_price_regular_label":"","_manufacturer_slug":"","_mini_desc":"","_defect_description":"","_safety_instructions":"","_allergen_ids":[],"_warranty_attachment_id":"","_safety_attachment_ids":[],"_min_age":"","_ts_gtin":"","_ts_mpn":"","_delivery_time_countries":[],"_free_shipping":"no","_service":"no","_photovoltaic_system":"no","_used_good":"no","_defective_copy":"no","_wireless_electronic_device":"no","_device_contains_power_supply":"no","_device_charging_supports_usb_pd":"no","_device_charging_watt_min":"0","_device_charging_watt_max":"0","_is_food":"no","_differential_taxation":"no","_gzd_version":"3.18.7","_hs_code":"","_customs_description":"","_manufacture_country":"0","_is_non_returnable":"no","_shipping_length":"","_shipping_width":"","_shipping_height":"","_sku":"ISBN 978-3-86442-034-4","_global_unique_id":"978-3-86442-034-4","_regular_price":null,"total_sales":"0","_tax_status":"taxable","_tax_class":"","_manage_stock":"no","_backorders":"no","_sold_individually":"no","_weight":"2","_virtual":"no","_downloadable":"no","_download_limit":"-1","_download_expiry":"-1","_stock":"","_stock_status":"outofstock","_wc_average_rating":"0","_wc_review_count":"0","_product_version":"10.1.4","_price":"","shopengine_product_views_count":"3583","_thumbnail_id":"5016","_product_attributes":{"erscheinungsdatum":{"name":"Fecha de publicaci\u00f3n","value":"11.03.2013","position":0,"is_visible":1,"is_variation":0,"is_taxonomy":0,"checkout_visible":0}},"_nutrient_ids":[],"_upsell_ids":null,"pswc_subtitle":null,"_default_delivery_time":"","_wp_desired_post_slug":null,"_isbn":null,"pageType":null,"isExternalUrl":null,"pageId":null,"externalUrl":null,"hideCookieBanner":null,"isTargetBlank":null,"isProviderCurrentWebsite":null,"isEmbeddingOnlyExternalResources":null,"legalBasis":null,"dataProcessingInCountries":null,"dataProcessingInCountriesSpecialTreatments":null,"technicalDefinitions":null,"googleConsentModeConsentTypes":null,"executePriority":null,"executeCodeOptInWhenNoTagManagerConsentIsGiven":null,"executeCodeOptOutWhenNoTagManagerConsentIsGiven":null,"deleteTechnicalDefinitionsAfterOptOut":null,"presetId":null,"presetVersion":null,"provider":null,"providerContactPhone":null,"providerContactEmail":null,"providerContactLink":null,"uniqueName":null,"providerPrivacyPolicyUrl":null,"providerLegalNoticeUrl":null,"codeOptIn":null,"codeOptOut":null,"codeOnPageLoad":null,"language_code":null,"shopengine_template__post_meta__type":null,"shopengine_template__post_meta":null,"shopengine_template__post_meta__edit_with":null,"origin":null,"_enabled":null,"_filters":null,"_layout":null,"_elementor_import_session_id":null,"_wp_trash_meta_status":null,"_wp_trash_meta_time":null,"_edit_lock":"1743522589:2","_elementor_floating_elements_type":null,"_elementor_edit_mode":null,"_elementor_template_type":null,"tc-thumb-fld":{"_thumb_id":5016,"_thumb_type":"thumb"},"_wp_page_template":"default","_elementor_version":null,"_elementor_pro_version":null,"_elementor_page_settings":null,"_elementor_data":null,"_elementor_conditions":null,"_elementor_popup_display_settings":null,"_edit_last":"2","_elementor_template_sub_type":null,"_elementor_controls_usage":null,"_elementor_screenshot":null,"_elementor_css":null,"_elementor_page_assets":[],"_elementor_element_cache":null,"_elementor_screenshot_failed":null,"_elementor_source":null,"_wp_old_date":null,"layout_key":"","post_slider_check_key":"0","_links":{"self":[{"href":"https:\/\/snoeck.de\/es\/wp-json\/wp\/v2\/product\/3602","targetHints":{"allow":["GET"]}}],"collection":[{"href":"https:\/\/snoeck.de\/es\/wp-json\/wp\/v2\/product"}],"about":[{"href":"https:\/\/snoeck.de\/es\/wp-json\/wp\/v2\/types\/product"}],"wp:featuredmedia":[{"embeddable":true,"href":"https:\/\/snoeck.de\/es\/wp-json\/wp\/v2\/media\/5016"}],"wp:attachment":[{"href":"https:\/\/snoeck.de\/es\/wp-json\/wp\/v2\/media?parent=3602"}],"wp:term":[{"taxonomy":"product_brand","embeddable":true,"href":"https:\/\/snoeck.de\/es\/wp-json\/wp\/v2\/product_brand?post=3602"},{"taxonomy":"product_cat","embeddable":true,"href":"https:\/\/snoeck.de\/es\/wp-json\/wp\/v2\/product_cat?post=3602"},{"taxonomy":"product_tag","embeddable":true,"href":"https:\/\/snoeck.de\/es\/wp-json\/wp\/v2\/product_tag?post=3602"}],"curies":[{"name":"wp","href":"https:\/\/api.w.org\/{rel}","templated":true}]}}

<h3>¿Juegos de guerra?</h3>
<p>Preguntado por sus referencias y recursos en una entrevista con Bob Nikas en enero del año pasado, Adam Helms (*1974), alumno de Mel Bochner, se refiere a diversas fuentes, como los retratos de la revista de mercenarios "Soldier of Fortune", los collages de John Heartfield, los créditos iniciales de las películas de la Paramount, con las vistas de un gigante de montaña, que sólo diferían mínimamente entre sí a lo largo de muchos años, como base del logotipo de la Paramount, los "48 retratos" de Gerhard Richter, obra para la Bienal de Venecia de 1972, que ahora cuelga en el Museo Ludwig de Colonia y reúne 48 retratos en blanco y negro de científicos y personalidades de la cultura desde la Ilustración, o las portadas de los discos de una marca de ruidos de Michigan con el hermoso nombre de "Gods of Tundra". En el medio del dibujo, tanto con lápiz como con carboncillo, Adam Helms se basa en la observación de tales fuentes y trabaja a su vez en series de retratos, pinturas de paisajes o murales de carteles sobre temas históricos. Lo que más le interesa de las fuentes es la forma en que los individuos quieren verse a sí mismos o a su sujeto representado, cómo lo "innombrable", qué tipología se apodera de estos intentos de autorretrato. Para Adam Helms, éste es el punto de entrada emocional: al fijar el pathos inmanente de las fuentes en su propio trabajo, penetra en las fuentes y puede elaborar las obsesiones subyacentes. En última instancia, subraya, el arte americano contemporáneo no puede prescindir de la propaganda, sólo en sus citas se niega a reconocer el statu quo de la cultura americana, el "espectáculo de la guerra". Por eso le interesa tanto más mostrar el espacio donde se encuentran la luz y la sombra, ya sea como sopa primigenia o en posición de primera línea. Este volumen presenta por primera vez y de forma exhaustiva las obras de Adam Helms en su casi inalterada actualidad, en una secuencia y forma proporcionadas por el propio artista.</p>
<p>Exposiciones:<br />
Galería Grimm Ámsterdam, 28/5 - 9/7/2011<br />
Marianne Boesky Gallery Nueva York, 7/9 - 5/10/2014</p>

Fecha de publicación
