{"id":3680,"date":"2025-01-31T11:31:31","date_gmt":"2025-01-31T11:31:31","guid":{"rendered":"https:\/\/snoeck.process-vision.de\/shop\/horst-muench-unser-krieg\/"},"modified":"2026-04-08T15:34:16","modified_gmt":"2026-04-08T14:34:16","slug":"horst-muench-unser-krieg","status":"publish","type":"product","link":"https:\/\/snoeck.de\/es\/shop\/horst-muench-unser-krieg\/","title":{"rendered":"Horst M\u00fcnch: Nuestra guerra"},"content":{"rendered":"<h3>La risa nerviosa<\/h3>\n<p>Es una risa nerviosa que puede invadirte cuando abres el peri\u00f3dico y te asomas a las principales discusiones geopol\u00edticas. \u00bfCu\u00e1l es el sabor, cu\u00e1l es la crisis? Siria, Irak, Afganist\u00e1n, Corea del Norte, Somalia... Tememos una y otra vez, y cada vez m\u00e1s, que el cielo se nos caiga encima. As\u00ed que el mundo de las nuevas \u00f3rdenes de paz oscila alegremente de un lado a otro; Horst M\u00fcnch siempre est\u00e1 en el meollo con una \"visi\u00f3n sesgada\". Incluso las pantallas peque\u00f1as, pero por supuesto a\u00fan m\u00e1s las grandes, oscurecen nuestra visi\u00f3n de cada problema sobre y con el mapa. Donde podr\u00edan explicar algo, pero... \u00bfdeber\u00edan? \u00bfEsto no es Berl\u00edn? No, debe de ser China. Reconozco claramente Rusia, pero \u00bfpor qu\u00e9 Europa empieza ah\u00ed? Las conversaciones frente a las im\u00e1genes son las mismas. Todo empieza y acaba donde est\u00e1 conectado. La demarcaci\u00f3n de EE.UU. en sus propias fronteras se parece tanto a un tablero de dibujo como las fronteras de Irak; \u00bfes esa la tan cacareada proximidad? As\u00ed es como siempre se ha representado el mundo en la historia del arte, ya sea en los mapas de los hermanos Mercator o en pinturas abstractas. Aqu\u00ed tambi\u00e9n hay batallas entre costas que podr\u00edan ser animales y superficies opacas o deslumbrantes como la nada o el colapso de la ecosonda. \u00bfY Horst M\u00fcnch? \u00bfEs \u00e9l el responsable de todo esto? Si pudiera explicarnos algo, \u00a1estar\u00eda en su texto! Y all\u00ed dice: \"La naturaleza es derrochadora sin medida, indiferente sin medida, sin intenciones ni consideraci\u00f3n, sin piedad ni justicia, f\u00e9rtil y est\u00e9ril e incierta al mismo tiempo; es la indiferencia como poder\".<\/p>\n<p>Exposici\u00f3n:<br \/>\nK\u00fcnstlerhaus Palais Thurn und Taxis Bregenz, 24\/11 - 30\/12\/2007<\/p>","protected":false},"excerpt":{"rendered":"<p>Cat\u00e1logo de la exposici\u00f3n K\u00fcnstlerhaus Palais Thurn und Taxis Bregenz, con un texto collage (alem\u00e1n\/ingl\u00e9s) de Horst M\u00fcnch<br \/>\n80 p\u00e1ginas con 45 ilustraciones en color y 25 en blanco y negro<br \/>\nFormato 32 x 22 cm, encuadernaci\u00f3n en tela con t\u00edtulo y lomo en relieve<\/p>","protected":false},"featured_media":5096,"template":"","meta":[],"product_brand":[],"product_cat":[95],"product_tag":[],"class_list":{"0":"post-3680","1":"product","2":"type-product","3":"status-publish","4":"has-post-thumbnail","6":"product_cat-vergriffen","8":"first","9":"outofstock","10":"taxable","11":"shipping-taxable","12":"product-type-simple"},"aioseo_notices":[],"_wp_attached_file":null,"_wp_attachment_metadata":null,"_wc_attachment_source":null,"_elementor_inline_svg":null,"_elementor_is_screenshot":null,"_elementor_source_image_hash":null,"_source_url":null,"_wp_attachment_context":null,"_menu_item_type":null,"_menu_item_menu_item_parent":null,"_menu_item_object_id":null,"_menu_item_object":null,"_menu_item_target":null,"_menu_item_classes":null,"_menu_item_xfn":null,"_menu_item_url":null,"__elementor_forms_snapshot":null,"_unit":"","_unit_base":"","_unit_product":"","_unit_price_auto":"no","_unit_price_regular":"","_unit_price":"","_unit_price_sale":"","_sale_price_label":"","_sale_price_regular_label":"","_manufacturer_slug":"","_mini_desc":"","_defect_description":"","_safety_instructions":"","_allergen_ids":[],"_warranty_attachment_id":"","_safety_attachment_ids":[],"_min_age":"","_ts_gtin":"","_ts_mpn":"","_delivery_time_countries":[],"_free_shipping":"no","_service":"no","_photovoltaic_system":"no","_used_good":"no","_defective_copy":"no","_wireless_electronic_device":"no","_device_contains_power_supply":"no","_device_charging_supports_usb_pd":"no","_device_charging_watt_min":"0","_device_charging_watt_max":"0","_is_food":"no","_differential_taxation":"no","_gzd_version":"3.18.7","_hs_code":"","_customs_description":"","_manufacture_country":"0","_is_non_returnable":"no","_shipping_length":"","_shipping_width":"","_shipping_height":"","_sku":"ISBN 978-3-936859-82-9","_global_unique_id":"978-3-936859-82-9","_regular_price":null,"total_sales":"0","_tax_status":"taxable","_tax_class":"","_manage_stock":"no","_backorders":"no","_sold_individually":"no","_weight":"1","_virtual":"no","_downloadable":"no","_download_limit":"-1","_download_expiry":"-1","_stock":"","_stock_status":"outofstock","_wc_average_rating":"0","_wc_review_count":"0","_product_version":"10.1.4","_price":"","shopengine_product_views_count":"2704","_thumbnail_id":"5096","_product_attributes":{"erscheinungsdatum":{"name":"Fecha de publicaci\u00f3n","value":"20.11.2007","position":0,"is_visible":1,"is_variation":0,"is_taxonomy":0,"checkout_visible":0}},"_nutrient_ids":[],"_upsell_ids":null,"pswc_subtitle":null,"_default_delivery_time":null,"_wp_desired_post_slug":null,"_isbn":null,"pageType":null,"isExternalUrl":null,"pageId":null,"externalUrl":null,"hideCookieBanner":null,"isTargetBlank":null,"isProviderCurrentWebsite":null,"isEmbeddingOnlyExternalResources":null,"legalBasis":null,"dataProcessingInCountries":null,"dataProcessingInCountriesSpecialTreatments":null,"technicalDefinitions":null,"googleConsentModeConsentTypes":null,"executePriority":null,"executeCodeOptInWhenNoTagManagerConsentIsGiven":null,"executeCodeOptOutWhenNoTagManagerConsentIsGiven":null,"deleteTechnicalDefinitionsAfterOptOut":null,"presetId":null,"presetVersion":null,"provider":null,"providerContactPhone":null,"providerContactEmail":null,"providerContactLink":null,"uniqueName":null,"providerPrivacyPolicyUrl":null,"providerLegalNoticeUrl":null,"codeOptIn":null,"codeOptOut":null,"codeOnPageLoad":null,"language_code":null,"shopengine_template__post_meta__type":null,"shopengine_template__post_meta":null,"shopengine_template__post_meta__edit_with":null,"origin":null,"_enabled":null,"_filters":null,"_layout":null,"_elementor_import_session_id":null,"_wp_trash_meta_status":null,"_wp_trash_meta_time":null,"_edit_lock":"1743508388:2","_elementor_floating_elements_type":null,"_elementor_edit_mode":null,"_elementor_template_type":null,"tc-thumb-fld":{"_thumb_id":5096,"_thumb_type":"thumb"},"_wp_page_template":"default","_elementor_version":null,"_elementor_pro_version":null,"_elementor_page_settings":null,"_elementor_data":null,"_elementor_conditions":null,"_elementor_popup_display_settings":null,"_edit_last":"2","_elementor_template_sub_type":null,"_elementor_controls_usage":null,"_elementor_screenshot":null,"_elementor_css":null,"_elementor_page_assets":[],"_elementor_element_cache":null,"_elementor_screenshot_failed":null,"_elementor_source":null,"_wp_old_date":null,"layout_key":"","post_slider_check_key":"0","_links":{"self":[{"href":"https:\/\/snoeck.de\/es\/wp-json\/wp\/v2\/product\/3680","targetHints":{"allow":["GET"]}}],"collection":[{"href":"https:\/\/snoeck.de\/es\/wp-json\/wp\/v2\/product"}],"about":[{"href":"https:\/\/snoeck.de\/es\/wp-json\/wp\/v2\/types\/product"}],"wp:featuredmedia":[{"embeddable":true,"href":"https:\/\/snoeck.de\/es\/wp-json\/wp\/v2\/media\/5096"}],"wp:attachment":[{"href":"https:\/\/snoeck.de\/es\/wp-json\/wp\/v2\/media?parent=3680"}],"wp:term":[{"taxonomy":"product_brand","embeddable":true,"href":"https:\/\/snoeck.de\/es\/wp-json\/wp\/v2\/product_brand?post=3680"},{"taxonomy":"product_cat","embeddable":true,"href":"https:\/\/snoeck.de\/es\/wp-json\/wp\/v2\/product_cat?post=3680"},{"taxonomy":"product_tag","embeddable":true,"href":"https:\/\/snoeck.de\/es\/wp-json\/wp\/v2\/product_tag?post=3680"}],"curies":[{"name":"wp","href":"https:\/\/api.w.org\/{rel}","templated":true}]}}

Horst Münch: Nuestra guerra

<h3>La risa nerviosa</h3>
<p>Es una risa nerviosa que puede invadirte cuando abres el periódico y te asomas a las principales discusiones geopolíticas. ¿Cuál es el sabor, cuál es la crisis? Siria, Irak, Afganistán, Corea del Norte, Somalia... Tememos una y otra vez, y cada vez más, que el cielo se nos caiga encima. Así que el mundo de las nuevas órdenes de paz oscila alegremente de un lado a otro; Horst Münch siempre está en el meollo con una "visión sesgada". Incluso las pantallas pequeñas, pero por supuesto aún más las grandes, oscurecen nuestra visión de cada problema sobre y con el mapa. Donde podrían explicar algo, pero... ¿deberían? ¿Esto no es Berlín? No, debe de ser China. Reconozco claramente Rusia, pero ¿por qué Europa empieza ahí? Las conversaciones frente a las imágenes son las mismas. Todo empieza y acaba donde está conectado. La demarcación de EE.UU. en sus propias fronteras se parece tanto a un tablero de dibujo como las fronteras de Irak; ¿es esa la tan cacareada proximidad? Así es como siempre se ha representado el mundo en la historia del arte, ya sea en los mapas de los hermanos Mercator o en pinturas abstractas. Aquí también hay batallas entre costas que podrían ser animales y superficies opacas o deslumbrantes como la nada o el colapso de la ecosonda. ¿Y Horst Münch? ¿Es él el responsable de todo esto? Si pudiera explicarnos algo, ¡estaría en su texto! Y allí dice: "La naturaleza es derrochadora sin medida, indiferente sin medida, sin intenciones ni consideración, sin piedad ni justicia, fértil y estéril e incierta al mismo tiempo; es la indiferencia como poder".</p>
<p>Exposición:<br />
Künstlerhaus Palais Thurn und Taxis Bregenz, 24/11 - 30/12/2007</p>

<p>Catálogo de la exposición Künstlerhaus Palais Thurn und Taxis Bregenz, con un texto collage (alemán/inglés) de Horst Münch<br />
80 páginas con 45 ilustraciones en color y 25 en blanco y negro<br />
Formato 32 x 22 cm, encuadernación en tela con título y lomo en relieve</p>

Fecha de publicación
