{"id":3687,"date":"2025-01-31T11:31:35","date_gmt":"2025-01-31T11:31:35","guid":{"rendered":"https:\/\/snoeck.process-vision.de\/shop\/emil-nolde-vetter-der-tiefe-mit-der-korrespondenz-nolde-klee\/"},"modified":"2025-04-01T11:43:21","modified_gmt":"2025-04-01T11:43:21","slug":"emil-nolde-vetter-der-tiefe-mit-der-korrespondenz-nolde-klee","status":"publish","type":"product","link":"https:\/\/snoeck.de\/es\/shop\/emil-nolde-vetter-der-tiefe-mit-der-korrespondenz-nolde-klee\/","title":{"rendered":"Emil Nolde - Primo de las profundidades - con la correspondencia Nolde - Klee"},"content":{"rendered":"<h3>Publicada y anotada por primera vez - la correspondencia entre Nolde y Klee<\/h3>\n<p>El libro, cuyo t\u00edtulo retoma una caracterizaci\u00f3n de su amigo artista Nolde transmitida por Paul Klee, se publica con motivo de la exposici\u00f3n \"Emil Nolde\" en el Zentrum Paul Klee y contiene, adem\u00e1s de ilustraciones de las obras all\u00ed presentadas, la correspondencia entre el matrimonio Nolde y Klee, publicada por primera vez. Los encuentros con desconocidos siempre parecieron inspirar el trabajo art\u00edstico de Emil Nolde. Su obra tambi\u00e9n contiene numerosas referencias a lo grotesco, lo fant\u00e1stico y lo ex\u00f3tico, una fascinaci\u00f3n que compart\u00eda con Paul Klee. Lo grotesco permit\u00eda a ambos comentar cr\u00edticamente los acontecimientos contempor\u00e1neos. En la obra de Nolde, las representaciones fant\u00e1sticas surgen de un serio juego con lo desconocido y lo inquietante y, por consiguiente, ocupan una posici\u00f3n central en su obra, mientras que en la obra de Paul Klee el reino de los fantasmas, demonios y otras criaturas h\u00edbridas parece servir m\u00e1s bien como un excitante mundo paralelo para edificaci\u00f3n. Para Nolde, como para Klee y muchos de sus contempor\u00e1neos, los motivos ex\u00f3ticos constituyeron un vocabulario formal nuevo e inspirador que contribuy\u00f3 a romper el molde de la tradici\u00f3n europea. En este volumen, que presenta obras de Nolde hasta ahora un tanto marginadas en el mundo del arte, pero que fueron de gran importancia para la artista y merecen por ello toda nuestra atenci\u00f3n, se publica tambi\u00e9n por primera vez la correspondencia conservada entre Emil y Ada Nolde con Paul y Lily Klee, comentada. Esta reevaluaci\u00f3n de la correspondencia escrita entre los dos amigos artistas y sus familias colma una laguna en la investigaci\u00f3n y revela aspectos hasta ahora desconocidos de una amistad mutuamente inspiradora.<\/p>\n<p>Exposici\u00f3n:<br \/>\nZentrum Paul Klee Berna, 17\/11\/2018 - 3\/3\/2019<\/p>","protected":false},"excerpt":{"rendered":"<p>Cat\u00e1logo de la exposici\u00f3n, Zentrum Paul Klee, editado por Fabienne Eggelh\u00f6fer y Nina Zimmer, con la Fundaci\u00f3n Nolde Seeb\u00fcll, editado por Christian Ring.<br \/>\nTextos (alem\u00e1n\/ingl\u00e9s) de Astrid Becker, Fabienne Eggelh\u00f6fer, Nora Lohner<br \/>\n232 p. con 100 ilustraciones en color<br \/>\nFormato 28 x 22 cm, folleto<\/p>","protected":false},"featured_media":5103,"template":"","meta":[],"product_brand":[],"product_cat":[111,68,71],"product_tag":[],"class_list":{"0":"post-3687","1":"product","2":"type-product","3":"status-publish","4":"has-post-thumbnail","6":"product_cat-111","7":"product_cat-k","8":"product_cat-n","10":"first","11":"instock","12":"taxable","13":"shipping-taxable","14":"purchasable","15":"product-type-simple"},"aioseo_notices":[],"_wp_attached_file":null,"_wp_attachment_metadata":null,"_wc_attachment_source":null,"_elementor_inline_svg":null,"_elementor_is_screenshot":null,"_elementor_source_image_hash":null,"_source_url":null,"_wp_attachment_context":null,"_menu_item_type":null,"_menu_item_menu_item_parent":null,"_menu_item_object_id":null,"_menu_item_object":null,"_menu_item_target":null,"_menu_item_classes":null,"_menu_item_xfn":null,"_menu_item_url":null,"__elementor_forms_snapshot":null,"_unit":"","_unit_base":"","_unit_product":"","_unit_price_auto":"no","_unit_price_regular":"","_unit_price":"","_unit_price_sale":"","_sale_price_label":"","_sale_price_regular_label":"","_manufacturer_slug":"","_mini_desc":"","_defect_description":"","_safety_instructions":"","_allergen_ids":[],"_warranty_attachment_id":"","_safety_attachment_ids":[],"_min_age":"","_ts_gtin":"","_ts_mpn":"","_delivery_time_countries":[],"_free_shipping":"no","_service":"no","_photovoltaic_system":"no","_used_good":"no","_defective_copy":"no","_wireless_electronic_device":"no","_device_contains_power_supply":"no","_device_charging_supports_usb_pd":"no","_device_charging_watt_min":"0","_device_charging_watt_max":"0","_is_food":"no","_differential_taxation":"no","_gzd_version":"3.18.7","_hs_code":"","_customs_description":"","_manufacture_country":"0","_is_non_returnable":"no","_shipping_length":"","_shipping_width":"","_shipping_height":"","_sku":"ISBN 978-3-86442-250-8","_global_unique_id":"978-3-86442-250-8","_regular_price":"48","total_sales":"0","_tax_status":"taxable","_tax_class":"","_manage_stock":"no","_backorders":"no","_sold_individually":"no","_weight":"1","_virtual":"no","_downloadable":"no","_download_limit":"-1","_download_expiry":"-1","_stock":"","_stock_status":"instock","_wc_average_rating":"0","_wc_review_count":"0","_product_version":"9.7.1","_price":"48","shopengine_product_views_count":"2594","_thumbnail_id":"5103","_product_attributes":{"erscheinungsdatum":{"name":"Fecha de publicaci\u00f3n","value":"17.11.2018","position":0,"is_visible":1,"is_variation":0,"is_taxonomy":0,"checkout_visible":0}},"_nutrient_ids":[],"_upsell_ids":null,"pswc_subtitle":null,"_default_delivery_time":null,"_wp_desired_post_slug":null,"_isbn":null,"pageType":null,"isExternalUrl":null,"pageId":null,"externalUrl":null,"hideCookieBanner":null,"isTargetBlank":null,"isProviderCurrentWebsite":null,"isEmbeddingOnlyExternalResources":null,"legalBasis":null,"dataProcessingInCountries":null,"dataProcessingInCountriesSpecialTreatments":null,"technicalDefinitions":null,"googleConsentModeConsentTypes":null,"executePriority":null,"executeCodeOptInWhenNoTagManagerConsentIsGiven":null,"executeCodeOptOutWhenNoTagManagerConsentIsGiven":null,"deleteTechnicalDefinitionsAfterOptOut":null,"presetId":null,"presetVersion":null,"provider":null,"providerContactPhone":null,"providerContactEmail":null,"providerContactLink":null,"uniqueName":null,"providerPrivacyPolicyUrl":null,"providerLegalNoticeUrl":null,"codeOptIn":null,"codeOptOut":null,"codeOnPageLoad":null,"language_code":null,"shopengine_template__post_meta__type":null,"shopengine_template__post_meta":null,"shopengine_template__post_meta__edit_with":null,"origin":null,"_enabled":null,"_filters":null,"_layout":null,"_elementor_import_session_id":null,"_wp_trash_meta_status":null,"_wp_trash_meta_time":null,"_edit_lock":"1743507660:2","_elementor_floating_elements_type":null,"_elementor_edit_mode":null,"_elementor_template_type":null,"tc-thumb-fld":{"_thumb_id":5103,"_thumb_type":"thumb"},"_wp_page_template":"default","_elementor_version":null,"_elementor_pro_version":null,"_elementor_page_settings":null,"_elementor_data":null,"_elementor_conditions":null,"_elementor_popup_display_settings":null,"_edit_last":"2","_elementor_template_sub_type":null,"_elementor_controls_usage":null,"_elementor_screenshot":null,"_elementor_css":null,"_elementor_page_assets":[],"_elementor_element_cache":null,"_elementor_screenshot_failed":null,"_elementor_source":null,"_wp_old_date":null,"layout_key":"","post_slider_check_key":"0","_links":{"self":[{"href":"https:\/\/snoeck.de\/es\/wp-json\/wp\/v2\/product\/3687","targetHints":{"allow":["GET"]}}],"collection":[{"href":"https:\/\/snoeck.de\/es\/wp-json\/wp\/v2\/product"}],"about":[{"href":"https:\/\/snoeck.de\/es\/wp-json\/wp\/v2\/types\/product"}],"wp:featuredmedia":[{"embeddable":true,"href":"https:\/\/snoeck.de\/es\/wp-json\/wp\/v2\/media\/5103"}],"wp:attachment":[{"href":"https:\/\/snoeck.de\/es\/wp-json\/wp\/v2\/media?parent=3687"}],"wp:term":[{"taxonomy":"product_brand","embeddable":true,"href":"https:\/\/snoeck.de\/es\/wp-json\/wp\/v2\/product_brand?post=3687"},{"taxonomy":"product_cat","embeddable":true,"href":"https:\/\/snoeck.de\/es\/wp-json\/wp\/v2\/product_cat?post=3687"},{"taxonomy":"product_tag","embeddable":true,"href":"https:\/\/snoeck.de\/es\/wp-json\/wp\/v2\/product_tag?post=3687"}],"curies":[{"name":"wp","href":"https:\/\/api.w.org\/{rel}","templated":true}]}}

<h3>Publicada y anotada por primera vez - la correspondencia entre Nolde y Klee</h3>
<p>El libro, cuyo título retoma una caracterización de su amigo artista Nolde transmitida por Paul Klee, se publica con motivo de la exposición "Emil Nolde" en el Zentrum Paul Klee y contiene, además de ilustraciones de las obras allí presentadas, la correspondencia entre el matrimonio Nolde y Klee, publicada por primera vez. Los encuentros con desconocidos siempre parecieron inspirar el trabajo artístico de Emil Nolde. Su obra también contiene numerosas referencias a lo grotesco, lo fantástico y lo exótico, una fascinación que compartía con Paul Klee. Lo grotesco permitía a ambos comentar críticamente los acontecimientos contemporáneos. En la obra de Nolde, las representaciones fantásticas surgen de un serio juego con lo desconocido y lo inquietante y, por consiguiente, ocupan una posición central en su obra, mientras que en la obra de Paul Klee el reino de los fantasmas, demonios y otras criaturas híbridas parece servir más bien como un excitante mundo paralelo para edificación. Para Nolde, como para Klee y muchos de sus contemporáneos, los motivos exóticos constituyeron un vocabulario formal nuevo e inspirador que contribuyó a romper el molde de la tradición europea. En este volumen, que presenta obras de Nolde hasta ahora un tanto marginadas en el mundo del arte, pero que fueron de gran importancia para la artista y merecen por ello toda nuestra atención, se publica también por primera vez la correspondencia conservada entre Emil y Ada Nolde con Paul y Lily Klee, comentada. Esta reevaluación de la correspondencia escrita entre los dos amigos artistas y sus familias colma una laguna en la investigación y revela aspectos hasta ahora desconocidos de una amistad mutuamente inspiradora.</p>
<p>Exposición:<br />
Zentrum Paul Klee Berna, 17/11/2018 - 3/3/2019</p>

<p>Catálogo de la exposición, Zentrum Paul Klee, editado por Fabienne Eggelhöfer y Nina Zimmer, con la Fundación Nolde Seebüll, editado por Christian Ring.<br />
Textos (alemán/inglés) de Astrid Becker, Fabienne Eggelhöfer, Nora Lohner<br />
232 p. con 100 ilustraciones en color<br />
Formato 28 x 22 cm, folleto</p>

Fecha de publicación
