{"id":3538,"date":"2025-01-31T11:30:07","date_gmt":"2025-01-31T11:30:07","guid":{"rendered":"https:\/\/snoeck.process-vision.de\/shop\/willie-doherty-home\/"},"modified":"2026-04-08T15:09:37","modified_gmt":"2026-04-08T14:09:37","slug":"willie-doherty-home","status":"publish","type":"product","link":"https:\/\/snoeck.de\/fr\/shop\/willie-doherty-home\/","title":{"rendered":"Willie Doherty : HOME"},"content":{"rendered":"<h3>Le docu-fiction d'action de Willie Doherty<\/h3>\n<p>HOME (2016), tel est le nom de la derni\u00e8re installation vid\u00e9o de Willie Doherty, participant \u00e0 la Documenta (2012) et repr\u00e9sentant de l'Irlande \u00e0 la Biennale de Venise (2007). Willie Doherty a toujours r\u00e9fl\u00e9chi de mani\u00e8re subtile \u00e0 la situation politique pr\u00e9caire de l'Irlande du Nord, en se concentrant sur les sensibilit\u00e9s individuelles qui oscillent entre s\u00e9curit\u00e9 et menace, vuln\u00e9rabilit\u00e9 et int\u00e9grit\u00e9 - tout comme il s'interroge d\u00e9sormais, de mani\u00e8re plus g\u00e9n\u00e9rale, sur le contexte de la migration et de l'appartenance sociale. HOME tourne autour de la th\u00e9matique des r\u00e9fugi\u00e9s, tandis que les \u0153uvres vid\u00e9o \"The Amnesiac\" (2014) et \"Buried\" (2009) associent les aspects de la m\u00e9moire au d\u00e9sir d'int\u00e9grit\u00e9 individuelle. L'installation \"Remains\" (2013) joue en revanche avec l'id\u00e9e de la m\u00e9moire collective en portant son attention sur la pratique du \"kneecapping\", entretenue par trois g\u00e9n\u00e9rations de l'IRA. Cette pratique consistait \u00e0 punir les d\u00e9viants ou les tra\u00eetres r\u00e9els ou suppos\u00e9s en leur tirant une balle dans l'une des rotules. Les vid\u00e9os, qui stimulent fortement l'imagination, sont toujours accompagn\u00e9es de photographies, pour la plupart documentaires. Entre les deux p\u00f4les de l'authenticit\u00e9 et de la fiction, Willie Doherty explore les conditions du filmique et joue habilement avec les genres du film d'action, du film d'auteur ou du documentaire. Sa technique d'image s'apparente alors \u00e0 un r\u00e9cit criminel : elle accro\u00eet l'indiscernabilit\u00e9 entre la menace concr\u00e8te et la peur de l'ind\u00e9termin\u00e9, les structures narratives et leurs possibilit\u00e9s d'interpr\u00e9tation restent largement ouvertes. Les photographies et vid\u00e9os de Willie Doherty invitent donc \u00e0 un rapport ouvert avec des images que nous n'aborderions autrement qu'avec une extr\u00eame m\u00e9fiance.<\/p>\n<p>Exposition :<br \/>\nVilla Merkel Galeries municipales d'Esslingen, 14\/2 - 24\/4\/2016<\/p>","protected":false},"excerpt":{"rendered":"<p>Catalogue d'exposition, Villa Merkel Esslingen, \u00e9d. par Andreas Baur<br \/>\nTextes (dt\/eng.) d'Andreas Baur, Clea Laade et Anka Wenzel<br \/>\n112 p. avec 80 illustrations en couleur<br \/>\nformat 22 x 30 cm, couverture rigide<\/p>","protected":false},"featured_media":4954,"template":"","meta":[],"product_brand":[],"product_cat":[95],"product_tag":[],"class_list":{"0":"post-3538","1":"product","2":"type-product","3":"status-publish","4":"has-post-thumbnail","6":"product_cat-vergriffen","8":"first","9":"outofstock","10":"taxable","11":"shipping-taxable","12":"product-type-simple"},"aioseo_notices":[],"_wp_attached_file":null,"_wp_attachment_metadata":null,"_wc_attachment_source":null,"_elementor_inline_svg":null,"_elementor_is_screenshot":null,"_elementor_source_image_hash":null,"_source_url":null,"_wp_attachment_context":null,"_menu_item_type":null,"_menu_item_menu_item_parent":null,"_menu_item_object_id":null,"_menu_item_object":null,"_menu_item_target":null,"_menu_item_classes":null,"_menu_item_xfn":null,"_menu_item_url":null,"__elementor_forms_snapshot":null,"_unit":"","_unit_base":"","_unit_product":"","_unit_price_auto":"no","_unit_price_regular":"","_unit_price":"","_unit_price_sale":"","_sale_price_label":"","_sale_price_regular_label":"","_manufacturer_slug":"","_mini_desc":"","_defect_description":"","_safety_instructions":"","_allergen_ids":[],"_warranty_attachment_id":"","_safety_attachment_ids":[],"_min_age":"","_ts_gtin":"","_ts_mpn":"","_delivery_time_countries":[],"_free_shipping":"no","_service":"no","_photovoltaic_system":"no","_used_good":"no","_defective_copy":"no","_wireless_electronic_device":"no","_device_contains_power_supply":"no","_device_charging_supports_usb_pd":"no","_device_charging_watt_min":"0","_device_charging_watt_max":"0","_is_food":"no","_differential_taxation":"no","_gzd_version":"3.18.7","_hs_code":"","_customs_description":"","_manufacture_country":"0","_is_non_returnable":"no","_shipping_length":"","_shipping_width":"","_shipping_height":"","_sku":"ISBN 978-3-86442-178-5","_global_unique_id":"978-3-86442-178-5","_regular_price":null,"total_sales":"0","_tax_status":"taxable","_tax_class":"","_manage_stock":"no","_backorders":"no","_sold_individually":"no","_weight":"1","_virtual":"no","_downloadable":"no","_download_limit":"-1","_download_expiry":"-1","_stock":"","_stock_status":"outofstock","_wc_average_rating":"0","_wc_review_count":"0","_product_version":"10.1.4","_price":"","shopengine_product_views_count":"2811","_thumbnail_id":"4954","_product_attributes":{"erscheinungsdatum":{"name":"Date de publication","value":"15.11.2016","position":0,"is_visible":1,"is_variation":0,"is_taxonomy":0,"checkout_visible":0}},"_nutrient_ids":[],"_upsell_ids":null,"pswc_subtitle":null,"_default_delivery_time":null,"_wp_desired_post_slug":null,"_isbn":null,"pageType":null,"isExternalUrl":null,"pageId":null,"externalUrl":null,"hideCookieBanner":null,"isTargetBlank":null,"isProviderCurrentWebsite":null,"isEmbeddingOnlyExternalResources":null,"legalBasis":null,"dataProcessingInCountries":null,"dataProcessingInCountriesSpecialTreatments":null,"technicalDefinitions":null,"googleConsentModeConsentTypes":null,"executePriority":null,"executeCodeOptInWhenNoTagManagerConsentIsGiven":null,"executeCodeOptOutWhenNoTagManagerConsentIsGiven":null,"deleteTechnicalDefinitionsAfterOptOut":null,"presetId":null,"presetVersion":null,"provider":null,"providerContactPhone":null,"providerContactEmail":null,"providerContactLink":null,"uniqueName":null,"providerPrivacyPolicyUrl":null,"providerLegalNoticeUrl":null,"codeOptIn":null,"codeOptOut":null,"codeOnPageLoad":null,"language_code":null,"shopengine_template__post_meta__type":null,"shopengine_template__post_meta":null,"shopengine_template__post_meta__edit_with":null,"origin":null,"_enabled":null,"_filters":null,"_layout":null,"_elementor_import_session_id":null,"_wp_trash_meta_status":null,"_wp_trash_meta_time":null,"_edit_lock":"1743531172:2","_elementor_floating_elements_type":null,"_elementor_edit_mode":null,"_elementor_template_type":null,"tc-thumb-fld":{"_thumb_id":4954,"_thumb_type":"thumb"},"_wp_page_template":"default","_elementor_version":null,"_elementor_pro_version":null,"_elementor_page_settings":null,"_elementor_data":null,"_elementor_conditions":null,"_elementor_popup_display_settings":null,"_edit_last":"2","_elementor_template_sub_type":null,"_elementor_controls_usage":null,"_elementor_screenshot":null,"_elementor_css":null,"_elementor_page_assets":[],"_elementor_element_cache":null,"_elementor_screenshot_failed":null,"_elementor_source":null,"_wp_old_date":null,"layout_key":"","post_slider_check_key":"0","_links":{"self":[{"href":"https:\/\/snoeck.de\/fr\/wp-json\/wp\/v2\/product\/3538","targetHints":{"allow":["GET"]}}],"collection":[{"href":"https:\/\/snoeck.de\/fr\/wp-json\/wp\/v2\/product"}],"about":[{"href":"https:\/\/snoeck.de\/fr\/wp-json\/wp\/v2\/types\/product"}],"wp:featuredmedia":[{"embeddable":true,"href":"https:\/\/snoeck.de\/fr\/wp-json\/wp\/v2\/media\/4954"}],"wp:attachment":[{"href":"https:\/\/snoeck.de\/fr\/wp-json\/wp\/v2\/media?parent=3538"}],"wp:term":[{"taxonomy":"product_brand","embeddable":true,"href":"https:\/\/snoeck.de\/fr\/wp-json\/wp\/v2\/product_brand?post=3538"},{"taxonomy":"product_cat","embeddable":true,"href":"https:\/\/snoeck.de\/fr\/wp-json\/wp\/v2\/product_cat?post=3538"},{"taxonomy":"product_tag","embeddable":true,"href":"https:\/\/snoeck.de\/fr\/wp-json\/wp\/v2\/product_tag?post=3538"}],"curies":[{"name":"wp","href":"https:\/\/api.w.org\/{rel}","templated":true}]}}

<h3>Le docu-fiction d'action de Willie Doherty</h3>
<p>HOME (2016), tel est le nom de la dernière installation vidéo de Willie Doherty, participant à la Documenta (2012) et représentant de l'Irlande à la Biennale de Venise (2007). Willie Doherty a toujours réfléchi de manière subtile à la situation politique précaire de l'Irlande du Nord, en se concentrant sur les sensibilités individuelles qui oscillent entre sécurité et menace, vulnérabilité et intégrité - tout comme il s'interroge désormais, de manière plus générale, sur le contexte de la migration et de l'appartenance sociale. HOME tourne autour de la thématique des réfugiés, tandis que les œuvres vidéo "The Amnesiac" (2014) et "Buried" (2009) associent les aspects de la mémoire au désir d'intégrité individuelle. L'installation "Remains" (2013) joue en revanche avec l'idée de la mémoire collective en portant son attention sur la pratique du "kneecapping", entretenue par trois générations de l'IRA. Cette pratique consistait à punir les déviants ou les traîtres réels ou supposés en leur tirant une balle dans l'une des rotules. Les vidéos, qui stimulent fortement l'imagination, sont toujours accompagnées de photographies, pour la plupart documentaires. Entre les deux pôles de l'authenticité et de la fiction, Willie Doherty explore les conditions du filmique et joue habilement avec les genres du film d'action, du film d'auteur ou du documentaire. Sa technique d'image s'apparente alors à un récit criminel : elle accroît l'indiscernabilité entre la menace concrète et la peur de l'indéterminé, les structures narratives et leurs possibilités d'interprétation restent largement ouvertes. Les photographies et vidéos de Willie Doherty invitent donc à un rapport ouvert avec des images que nous n'aborderions autrement qu'avec une extrême méfiance.</p>
<p>Exposition :<br />
Villa Merkel Galeries municipales d'Esslingen, 14/2 - 24/4/2016</p>

<p>Catalogue d'exposition, Villa Merkel Esslingen, éd. par Andreas Baur<br />
Textes (dt/eng.) d'Andreas Baur, Clea Laade et Anka Wenzel<br />
112 p. avec 80 illustrations en couleur<br />
format 22 x 30 cm, couverture rigide</p>
