{"id":3651,"date":"2025-01-31T11:31:15","date_gmt":"2025-01-31T11:31:15","guid":{"rendered":"https:\/\/snoeck.process-vision.de\/shop\/stefan-loeffelhardt-clouds\/"},"modified":"2025-04-01T13:19:34","modified_gmt":"2025-04-01T13:19:34","slug":"stefan-loeffelhardt-clouds","status":"publish","type":"product","link":"https:\/\/snoeck.de\/fr\/shop\/stefan-loeffelhardt-clouds\/","title":{"rendered":"Stefan L\u00f6ffelhardt : Nuages"},"content":{"rendered":"<h3>Le livre de L\u00f6ffelhardt sur les nuages suspendus<\/h3>\n<p>Ce livre donne une vue d'ensemble du groupe d'objets nuageux suspendus (2010-2020) de Stefan L\u00f6ffelhardt. Dans l'arc de d\u00e9veloppement temporel de son \u0153uvre, les objets nuages se situent entre les grandes installations paysag\u00e8res dans l'espace et les dessins actuels de paysages int\u00e9rieurs. Les objets se sont d\u00e9velopp\u00e9s \u00e0 partir des installations accessibles, en passant par les sculptures de bateaux mod\u00e9lis\u00e9es et les constructions suspendues de paysages urbains, telles qu'elles sont document\u00e9es dans les catalogues \"Blachfeld\" (2003), \"L\u00f6ffelhardt\" (2008), \"Tal Grund\/ The Valley Floor\" (2009) et \"Tisch\" (2016). Les illustrations suivent chronologiquement \u00e0 peu pr\u00e8s la date de cr\u00e9ation des objets. S'y ajoutent des vues des expositions \"Fluss\", 2018 chez Aurel Scheibler \u00e0 Berlin, et \"Sch\u00f6nheit ?!\", organis\u00e9e par Anne-Marie Bonnet en 2019\/20 chez Gisela Clement \u00e0 Bonn. Certains objets ont \u00e9t\u00e9 pr\u00e9sent\u00e9s pour la premi\u00e8re fois lors de l'exposition \"ab8\", en 2017 \u00e0 la galerie Ute Parduhn \u00e0 D\u00fcsseldorf. Dans la partie centrale du livre, on trouve un extrait d'un entretien entre Wolfgang Ullrich et Stefan L\u00f6ffelhardt, r\u00e9alis\u00e9 en 2018 dans le cadre de l'exposition \"Fluss\". Dans la partie arri\u00e8re, on trouve quelques collages de 2010 qui sont en \u00e9troite relation avec les objets suspendus et qui montrent le d\u00e9sir d'embrouiller le quotidien. Une autre publication sera consacr\u00e9e aux dessins qui ont \u00e9t\u00e9 r\u00e9alis\u00e9s parall\u00e8lement aux objets nuageux \u00e0 partir de 2010.<\/p>","protected":false},"excerpt":{"rendered":"<p>\u00c9dit\u00e9 par Aurel Scheibler, Ute Parduhn<br \/>\nEntretien (all.\/ang.) entre Wolfgang Ullrich et Stefan L\u00f6ffelhardt<br \/>\n80 p. avec 63 illustrations en couleur<br \/>\nformat 22,5 x 16 cm, broch\u00e9 avec jaquette<\/p>","protected":false},"featured_media":5064,"template":"","meta":[],"product_brand":[],"product_cat":[84,69],"product_tag":[],"class_list":{"0":"post-3651","1":"product","2":"type-product","3":"status-publish","4":"has-post-thumbnail","6":"product_cat-84","7":"product_cat-l","9":"first","10":"instock","11":"taxable","12":"shipping-taxable","13":"purchasable","14":"product-type-simple"},"aioseo_notices":[],"_wp_attached_file":null,"_wp_attachment_metadata":null,"_wc_attachment_source":null,"_elementor_inline_svg":null,"_elementor_is_screenshot":null,"_elementor_source_image_hash":null,"_source_url":null,"_wp_attachment_context":null,"_menu_item_type":null,"_menu_item_menu_item_parent":null,"_menu_item_object_id":null,"_menu_item_object":null,"_menu_item_target":null,"_menu_item_classes":null,"_menu_item_xfn":null,"_menu_item_url":null,"__elementor_forms_snapshot":null,"_unit":"","_unit_base":"","_unit_product":"","_unit_price_auto":"no","_unit_price_regular":"","_unit_price":"","_unit_price_sale":"","_sale_price_label":"","_sale_price_regular_label":"","_manufacturer_slug":"","_mini_desc":"","_defect_description":"","_safety_instructions":"","_allergen_ids":[],"_warranty_attachment_id":"","_safety_attachment_ids":[],"_min_age":"","_ts_gtin":"","_ts_mpn":"","_delivery_time_countries":[],"_free_shipping":"no","_service":"no","_photovoltaic_system":"no","_used_good":"no","_defective_copy":"no","_wireless_electronic_device":"no","_device_contains_power_supply":"no","_device_charging_supports_usb_pd":"no","_device_charging_watt_min":"0","_device_charging_watt_max":"0","_is_food":"no","_differential_taxation":"no","_gzd_version":"3.18.7","_hs_code":"","_customs_description":"","_manufacture_country":"0","_is_non_returnable":"no","_shipping_length":"","_shipping_width":"","_shipping_height":"","_sku":"ISBN 978-3-86442-390-1","_global_unique_id":"978-3-86442-390-1","_regular_price":"24.8","total_sales":"0","_tax_status":"taxable","_tax_class":"","_manage_stock":"no","_backorders":"no","_sold_individually":"no","_weight":"1","_virtual":"no","_downloadable":"no","_download_limit":"-1","_download_expiry":"-1","_stock":"","_stock_status":"instock","_wc_average_rating":"0","_wc_review_count":"0","_product_version":"9.7.1","_price":"24.8","shopengine_product_views_count":"2837","_thumbnail_id":"5064","_product_attributes":{"erscheinungsdatum":{"name":"Date de publication","value":"19.07.2020","position":0,"is_visible":1,"is_variation":0,"is_taxonomy":0,"checkout_visible":0}},"_nutrient_ids":[],"_upsell_ids":null,"pswc_subtitle":null,"_default_delivery_time":null,"_wp_desired_post_slug":null,"_isbn":null,"pageType":null,"isExternalUrl":null,"pageId":null,"externalUrl":null,"hideCookieBanner":null,"isTargetBlank":null,"isProviderCurrentWebsite":null,"isEmbeddingOnlyExternalResources":null,"legalBasis":null,"dataProcessingInCountries":null,"dataProcessingInCountriesSpecialTreatments":null,"technicalDefinitions":null,"googleConsentModeConsentTypes":null,"executePriority":null,"executeCodeOptInWhenNoTagManagerConsentIsGiven":null,"executeCodeOptOutWhenNoTagManagerConsentIsGiven":null,"deleteTechnicalDefinitionsAfterOptOut":null,"presetId":null,"presetVersion":null,"provider":null,"providerContactPhone":null,"providerContactEmail":null,"providerContactLink":null,"uniqueName":null,"providerPrivacyPolicyUrl":null,"providerLegalNoticeUrl":null,"codeOptIn":null,"codeOptOut":null,"codeOnPageLoad":null,"language_code":null,"shopengine_template__post_meta__type":null,"shopengine_template__post_meta":null,"shopengine_template__post_meta__edit_with":null,"origin":null,"_enabled":null,"_filters":null,"_layout":null,"_elementor_import_session_id":null,"_wp_trash_meta_status":null,"_wp_trash_meta_time":null,"_edit_lock":"1743513434:2","_elementor_floating_elements_type":null,"_elementor_edit_mode":null,"_elementor_template_type":null,"tc-thumb-fld":{"_thumb_id":5064,"_thumb_type":"thumb"},"_wp_page_template":"default","_elementor_version":null,"_elementor_pro_version":null,"_elementor_page_settings":null,"_elementor_data":null,"_elementor_conditions":null,"_elementor_popup_display_settings":null,"_edit_last":"2","_elementor_template_sub_type":null,"_elementor_controls_usage":null,"_elementor_screenshot":null,"_elementor_css":null,"_elementor_page_assets":[],"_elementor_element_cache":null,"_elementor_screenshot_failed":null,"_elementor_source":null,"_wp_old_date":null,"layout_key":"","post_slider_check_key":"0","_links":{"self":[{"href":"https:\/\/snoeck.de\/fr\/wp-json\/wp\/v2\/product\/3651","targetHints":{"allow":["GET"]}}],"collection":[{"href":"https:\/\/snoeck.de\/fr\/wp-json\/wp\/v2\/product"}],"about":[{"href":"https:\/\/snoeck.de\/fr\/wp-json\/wp\/v2\/types\/product"}],"wp:featuredmedia":[{"embeddable":true,"href":"https:\/\/snoeck.de\/fr\/wp-json\/wp\/v2\/media\/5064"}],"wp:attachment":[{"href":"https:\/\/snoeck.de\/fr\/wp-json\/wp\/v2\/media?parent=3651"}],"wp:term":[{"taxonomy":"product_brand","embeddable":true,"href":"https:\/\/snoeck.de\/fr\/wp-json\/wp\/v2\/product_brand?post=3651"},{"taxonomy":"product_cat","embeddable":true,"href":"https:\/\/snoeck.de\/fr\/wp-json\/wp\/v2\/product_cat?post=3651"},{"taxonomy":"product_tag","embeddable":true,"href":"https:\/\/snoeck.de\/fr\/wp-json\/wp\/v2\/product_tag?post=3651"}],"curies":[{"name":"wp","href":"https:\/\/api.w.org\/{rel}","templated":true}]}}

Stefan Löffelhardt : Nuages

<h3>Le livre de Löffelhardt sur les nuages suspendus</h3>
<p>Ce livre donne une vue d'ensemble du groupe d'objets nuageux suspendus (2010-2020) de Stefan Löffelhardt. Dans l'arc de développement temporel de son œuvre, les objets nuages se situent entre les grandes installations paysagères dans l'espace et les dessins actuels de paysages intérieurs. Les objets se sont développés à partir des installations accessibles, en passant par les sculptures de bateaux modélisées et les constructions suspendues de paysages urbains, telles qu'elles sont documentées dans les catalogues "Blachfeld" (2003), "Löffelhardt" (2008), "Tal Grund/ The Valley Floor" (2009) et "Tisch" (2016). Les illustrations suivent chronologiquement à peu près la date de création des objets. S'y ajoutent des vues des expositions "Fluss", 2018 chez Aurel Scheibler à Berlin, et "Schönheit ?!", organisée par Anne-Marie Bonnet en 2019/20 chez Gisela Clement à Bonn. Certains objets ont été présentés pour la première fois lors de l'exposition "ab8", en 2017 à la galerie Ute Parduhn à Düsseldorf. Dans la partie centrale du livre, on trouve un extrait d'un entretien entre Wolfgang Ullrich et Stefan Löffelhardt, réalisé en 2018 dans le cadre de l'exposition "Fluss". Dans la partie arrière, on trouve quelques collages de 2010 qui sont en étroite relation avec les objets suspendus et qui montrent le désir d'embrouiller le quotidien. Une autre publication sera consacrée aux dessins qui ont été réalisés parallèlement aux objets nuageux à partir de 2010.</p>

<p>Édité par Aurel Scheibler, Ute Parduhn<br />
Entretien (all./ang.) entre Wolfgang Ullrich et Stefan Löffelhardt<br />
80 p. avec 63 illustrations en couleur<br />
format 22,5 x 16 cm, broché avec jaquette</p>
